n base 7, what is -46 - 420610426?
-420610505
In base 4, what is 1011222 + 212?
1012100
In base 9, what is -26 - 6508206?
-6508233
In base 2, what is 1001010110000111101111 - 10?
1001010110000111101101
In base 7, what is 20 + 1330444?
1330464
In base 11, what is -1 - -6a514594?
6a514593
In base 4, what is 2 - -3032301031?
3032301033
In base 9, what is 5140871 - 13?
5140857
In base 6, what is 135512102 - 41?
135512021
In base 14, what is -d6 - -179b63?
179a6b
In base 6, what is -32505 - -11241?
-21224
In base 7, what is 361202536 - -16?
361202555
In base 11, what is 4a1 + 1a820?
20211
In base 11, what is -80915 + -15?
-8092a
In base 2, what is -1111110000100 - -1110110011100?
-111101000
In base 5, what is -3 + -3341333410?
-3341333413
In base 14, what is 1549aa - 46?
154964
In base 2, what is 100100001110110011100100001 + 100?
100100001110110011100100101
In base 7, what is -133634 - -11154?
-122450
In base 11, what is 40a + -7399?
-6a8a
In base 9, what is -2235167 + 1?
-2235166
In base 12, what is 5 - 931246?
-931241
In base 3, what is -220212 + 110221022?
110000110
In base 8, what is -7271351 - -240?
-7271111
In base 15, what is 39bd5 - 14c?
39a88
In base 10, what is -126 - -23693?
23567
In base 13, what is -3c642 - 54c?
-3cb91
In base 14, what is -3a9d9 - -6?
-3a9d3
In base 15, what is 3 + -282c14?
-282c11
In base 4, what is 30203001013 - -10?
30203001023
In base 10, what is 46812042 - 1?
46812041
In base 2, what is 0 + 101100001010111100010110101?
101100001010111100010110101
In base 16, what is -5a2db - b?
-5a2e6
In base 5, what is 14 - 3124321432?
-3124321413
In base 11, what is 1069a7 - -4a7?
1073a3
In base 10, what is -132 - 5080062?
-5080194
In base 8, what is 2 + -3305157?
-3305155
In base 13, what is -b375a9 + 5?
-b375a4
In base 5, what is 1423003 + 2210?
1430213
In base 14, what is -6 + -1458972?
-1458978
In base 7, what is -436055656 + 3?
-436055653
In base 14, what is -12765 + -3c?
-127a3
In base 10, what is -355 + -12466?
-12821
In base 7, what is 1460445 + 5?
1460453
In base 3, what is -110010 + 1200020020?
1122210010
In base 4, what is 31323213 + -3122?
31320031
In base 4, what is -1 + 10122033203001?
10122033203000
In base 3, what is 2202 + -1000200201100?
-1000200121121
In base 8, what is -70 + -31517321?
-31517411
In base 6, what is 120124313 + 4?
120124321
In base 12, what is ba - -827096?
827194
In base 4, what is -3022 - 13011213?
-13020301
In base 5, what is 210 + 414202323?
414203033
In base 9, what is 274 + -4271488?
-4271214
In base 15, what is -1eee5 - 7d?
-20073
In base 7, what is -135136 + 13452?
-121354
In base 2, what is 11001011001001100111 + -10?
11001011001001100101
In base 2, what is -10011110 - -10010000100101100101100?
10010000100101010001110
In base 14, what is 9139c - -103?
914a1
In base 5, what is 20 - -20312231?
20312301
In base 8, what is 1 + -273556264?
-273556263
In base 3, what is -1222202102 + -102222?
-2000012101
In base 8, what is -4 + 42750630?
42750624
In base 3, what is 121111 + 12120110121?
12121002002
In base 2, what is 1011010101010101011010100 - 111?
1011010101010101011001101
In base 10, what is -15 + 1305169?
1305154
In base 8, what is -42 - 2552455?
-2552517
In base 12, what is -45 + 2b6270?
2b6227
In base 16, what is -25f42 - 6?
-25f48
In base 13, what is -b79a02 - -17?
-b799b8
In base 8, what is 2660 - 65467?
-62607
In base 9, what is 26 - 528670?
-528643
In base 4, what is -120320 + 13200031?
13013111
In base 6, what is 5 - 20025453544?
-20025453535
In base 2, what is -1010110101 - 111010110100101000?
-111010111111011101
In base 14, what is -76 + 5205c?
51dc6
In base 16, what is -2bfbc9 + 4?
-2bfbc5
In base 16, what is 52bb3 - -9a?
52c4d
In base 11, what is 3 + 60a42577?
60a4257a
In base 16, what is 5f2 - -1e95?
2487
In base 8, what is 3314014 - 6?
3314006
In base 3, what is 1002101020 - -101100121?
1110201211
In base 16, what is -f0278 + d?
-f026b
In base 8, what is -352137 - -133?
-352004
In base 8, what is -3 - -33663354?
33663351
In base 10, what is -5 - -5638160?
5638155
In base 9, what is 1484378 - -7?
1484386
In base 10, what is 5 - -5761830?
5761835
In base 10, what is -80186 + -57?
-80243
In base 11, what is 125157 - -34?
125190
In base 5, what is 121041224104 + 10?
121041224114
In base 3, what is -10020102 + -10021000?
-20111102
In base 4, what is -12132 + 30011111?
23332313
In base 3, what is 12202221110202 - -10?
12202221110212
In base 5, what is 11 + -14223030314?
-14223030303
In base 7, what is -215 - -4300005?
4266460
In base 12, what is -130962 - -30?
-130932
In base 2, what is 10000011010101001110100100110 - -10?
10000011010101001110100101000
In base 16, what is 5 + -58528?
-58523
In base 9, what is 16384075 + 3?
16384078
In base 11, what is -2 + -6935705?
-6935707
In base 14, what is c + 14384c?
14385a
In base 12, what is -a861 + -12286?
-20b27
In base 16, what is -a7511 + b6?
-a745b
In base 12, what is 4a8 - -7bb70?
80458
In base 14, what is 12 + -1dd19a?
-1dd188
In base 3, what is 102201 - -202002000121?
202002110022
In base 12, what is a9b2901 - -20?
a9b2921
In base 3, what is -111012 - 11101201?
-11212220
In base 11, what is -7968269 + 0?
-7968269
In base 3, what is 222001101001012022 + -10?
222001101001012012
In base 15, what is 2 + 775882?
775884
In base 8, what is 26 - -2627163?
2627211
In base 14, what is 2c + -90700?
-906b2
In base 7, what is 4 + 3243555?
3243562
In base 11, what is 51120 - 5?
51116
In base 4, what is 10 + -1031102312?
-1031102302
In base 2, what is 100110111110101101 - -10010100010?
100111010001001111
In base 16, what is -23d87ab + -12?
-23d87bd
In base 10, what is -1619 + 5140?
3521
In base 16, what is 107322 - -11?
107333
In base 11, what is 14 + 122164?
122178
In base 9, what is 0 - -14203712?
14203712
In base 13, what is 13 - -24c6537?
24c654a
In base 12, what is 89415b25 + 4?
89415b29
In base 12, what is 295 - -2868?
2b41
In base 11, what is 285 - 555075?
-5548a0
In base 3, what is 101002 + 20002111210?
20002212212
In base 16, what is -1c3d4f + -29?
-1c3d78
In base 11, what is -4 + 215844a?
2158446
In base 9, what is 78354747 - 2?
78354745
In base 9, what is 33205 + 364?
33570
In base 15, what is -d + -911b8c?
-911b9a
In base 16, what is -5 - -6c57e?
6c579
In base 9, what is 17184 - 1566?
15517
In base 8, what is -130631 - -1330?
-127301
In base 2, what is 100111100111100 + 110000001?
101000010111101
In base 6, what is -3425 - 3352?
-11221
In base 11, what is 2950a12 + 67?
2950a79
In base 10, what is -351 + 690708?
690357
In base 2, what is -100001100011010010111011100 - 0?
-100001100011010010111011100
In base 11, what is -162 + 228335?
228183
In base 2, what is 1111011000100001010010 + -1000?
1111011000100001001010
In base 16, what is -2558257 + -1?
-2558258
In base 5, what is -14101230344 + -10?
-14101230404
In base 13, what is -1067b9 - 2?
-1067bb
In base 16, what is -773 + -1ccb5?
-1d428
In base 5, what is -2033133 - 2100?
-2040233
In base 13, what is -1 + 12634801?
12634800
In base 5, what is -224220 + -21242?
-301012
In base 10, what is -13888571 - -4?
-13888567
In base 6, what is -14020 - -10203530?
10145510
In base 15, what is 10c - -2a23?
2b30
In base 7, what is 60 + 104560433?
104560523
In base 8, what is -274 + 7367?
7073
In base 3, what is 10 - -11212212122222?
11212212200002
In base 5, what is -1101103234 + -102?
-1101103341
In base 9, what is 137225250 + 4?
137225254
In base 8, what is 716551 - -5531?
724302
In base 7, what is -2056005 + 3?
-2056002
In base 4, what is 10020230133321 - 13?
10020230133302
In base 6, what is -2 + -2501224503?
-2501224505
In base 8, what is -43 + 44341?
44276
In base 13, what is -1923c522 + -5?
-1923c527
In base 14, what is 2626d99 + 4?
2626d9d
In base 15, what is -7 + 2780de?
2780d7
In base 9, what is -75488481 - 6?
-75488487
In base 16, what is 273d - 6e9?
2054
In base 4, what is 221313 - -3301222?
10123201
In base 7, what is -2054 + -1233351?
-1235435
In base 9, what is -31801 - 16614?
-48515
In base 6, what is -12 - -442035331?
442035315
In base 4, what is -22220011201 + 1032?
-22220010103
In base 10, what is -121 + -1527903?
-1528024
In base 2, what is 1000100010000101110110000001 - 11?
1000100010000101110101111110
In base 10, what is 297842 - -39?
297881
In base 15, what is -13689b -